 2 = 0. Let m = v - c. Let g(s) = -3*s**2 + 1. Determine g(m).
-2
Let z(u) be the third derivative of u**6/120 + u**5/60 + u**4/24 + 7*u**3/6 + 5*u**2. Let c = 21 - 11. Suppose 0 = c*r - 11*r. Determine z(r).
7
Let m(u) = -u**2 - u + 4. Let p be m(-3). Let w(c) be the third derivative of -c**6/120 + c**4/12 + c**3/3 - 2*c**2. Give w(p).
6
Let q(r) be the first derivative of 3*r**2 + 1. Suppose -15*d - 25 = 5. Calculate q(d).
-12
Let m(q) = 5*q + 1. Let a(c) = -14*c - 2. Let x(y) = 3*a(y) + 8*m(y). Let z(l) = 5 - 4*l**2 - 6*l + l**3 - 2 + 4. Let b be z(5). Determine x(b).
-2
Let y(z) = -4*z + 20. Let u(n) = n - 7. Let m(c) = -8*u(c) - 3*y(c). Suppose 3*w = 15 - 6. What is m(w)?
8
Let f(r) = -r**2 - 6*r - 5. Let l = -2 - -5. Let u(t) = t**2 + 6*t + 5. Let w(i) = l*u(i) + 2*f(i). Let c(g) = g**3 + g**2 - 5*g - 3. Let k be c(-3). Give w(k).
5
Let x(l) = -50 - 15*l + 9*l + l**2 + 55. Determine x(4).
-3
Let i(q) = -q**3 - 3*q**2 - q - 4. Let r = 77 + -80. Calculate i(r).
-1
Let l(t) = -3*t**2 + t**2 + t**2. Let g = 14 + -5. Let n be g/(-12) - (-2)/(-8). What is l(n)?
-1
Suppose -k + 0*k = -4*z + 2, 3*k - 1 = 5*z. Let a(w) = -4*w**2 + 4*w - 5 - w + 5*w**k. Let y be (-2 - -1)/((-4)/(-20)). What is a(y)?
5
Let n(a) = a + 6. Suppose -2*h - 14 + 2 = 0. What is n(h)?
0
Let k(w) = w + 5. Let a(o) = -o + 2. Let s be a(10). Calculate k(s).
-3
Let p(i) be the third derivative of -i**6/120 + i**5/60 - i**4/24 - i**3/2 - 14*i**2. Calculate p(0).
-3
Let a = 8 - 5. Let u(h) be the second derivative of -h**6/360 + h**5/30 + h**4/6 + h**3/3 + h. Let z(y) be the second derivative of u(y). Give z(a).
7
Let v(i) = i + 9. Let o = 18 - -3. Let k = 14 - o. Determine v(k).
2
Let p(l) = 3*l**3 + 3*l**2 - 2*l. Let f(z) = -z**3 - 2*z**2 + z. Let i be -3 + 0 - (1 - 2). Let x(h) = i*p(h) - 5*f(h). What is x(3)?
6
Let d = 2 + 3. Suppose s = -d - 0. Let j(l) = -l**3 + l**2. Let g(h) = -6*h**3 + 1. Let a(k) = g(k) - 5*j(k). Give a(s).
1
Let g(i) = 5*i + 1. Suppose -20*n = -16*n + 4. What is g(n)?
-4
Let s(c) be the third derivative of c**6/720 - c**5/60 - c**4/4 + 3*c**2. Let f(k) be the second derivative of s(k). Give f(3).
1
Let q(w) = w**3 + 4*w**2 + w + 3. Suppose 5*g = 3*z + 24, -2*z = g + 1 + 2. Let v = g + -7. Calculate q(v).
-1
Let b be 22/8 + 5/20. Let a(y) = 3 - 3 - 2*y**2 + 5*y**3 - 3*y - 4*y**3. What is a(b)?
0
Let r(m) = m**3 - 4*m**2 + 3*m - 4. Suppose -11 + 35 = 6*d. Calculate r(d).
8
Let j be (-4)/10 + (-90)/25. Let i(t) = -2*t - 4. Determine i(j).
4
Let x(v) = v**2 - 23*v - 17*v + 37*v - 3. Let c(i) be the third derivative of -i**4/24 + i**3/2 - i**2. Let r be c(0). What is x(r)?
-3
Let t(k) = 3*k**2 - 3*k + 1. Let w be t(2). Suppose -3*x - 2*v = 0, -2*x = -v - 0*v + w. Let g(f) = -2*f - 3 - 1 + 1. Calculate g(x).
1
Let j(g) = -g**2 + 1. Let k(z) = -9*z**3 + 18*z**2 - 9*z - 5. Let o(b) = 5*b**3 - 9*b**2 + 4*b + 3. Let a(u) = 4*k(u) + 7*o(u). Let s be a(8). Give j(s).
0
Suppose 23 = 3*b + 5*n, -2*b - 14 = -4*n - 0. Let j(u) = 1 - b + u. Let k = 4 + 0. Determine j(k).
4
Suppose -4*b + 3*b = -2. Let q(l) = -5*l + 2. Let c(z) = z. Let y(n) = 4*c(n) + q(n). Determine y(b).
0
Suppose 0 = -g + 3*v - 20, 2*v = 5*g + v + 30. Let o(s) = s**2 + 5*s + 1. Determine o(g).
1
Let u(n) = -1. Let g(y) = y - 7. Let q(b) = g(b) - 5*u(b). What is q(5)?
3
Let y(v) = -v**2 + 2*v - 2. Let c be (-4 + 3)*1 + 30. Let t = 21 - c. Let r = -6 - t. Calculate y(r).
-2
Let l = -3 + 8. Let m = 6 - 5. Let c(v) = v + m - 6 - 3. Determine c(l).
-3
Let g(h) = 5 - 3*h + h + 6*h - 2*h. Calculate g(-6).
-7
Let w(s) = s**3 - 2*s + 3. Let i be w(2). Let v = -5 + i. Let d(g) = 4*g - 3. Give d(v).
5
Let i(u) = -u - 3. Let o be (-3 - -3)/2*-1. Let w = 3 + o. Determine i(w).
-6
Let k(i) = -2 - 4*i + 0*i + 3*i. Give k(5).
-7
Let a(u) be the third derivative of -u**6/120 + u**5/20 - u**4/6 + u**3/3 - 22*u**2. Determine a(3).
-10
Let p be 28/(-16) + 3/(-12). Let u(y) = 4*y - 1. Determine u(p).
-9
Let s(g) be the third derivative of 5/24*g**4 + 0 + 2*g**2 - 1/6*g**3 + 0*g + 1/60*g**5. Give s(-3).
-7
Let p(a) be the second derivative of a**3 + 2*a**2 - 11*a. What is p(-3)?
-14
Let u(z) be the second derivative of z**3/6 - 2*z**2 + 10*z. What is u(6)?
2
Let h(i) = -577 + 0*i - 2*i + 570. Determine h(6).
-19
Let q = -1 + 3. Let i(r) = 2*r**2 - 3*r. Let s be i(q). Let t(o) = 0*o + 5*o**s + 3*o**2 - o. Calculate t(-1).
9
Let i(w) = -6*w - 1. Suppose 3*k + 0 = 54. Let a = k + -16. What is i(a)?
-13
Let j(o) = -o - 2. Suppose 6*v = v - 15. Determine j(v).
1
Let k be (-6)/14 + (-900)/105. Let m(y) = y**3 + 8*y**2 - 9*y - 13. Give m(k).
-13
Let m be (0*(-4)/12)/1. Let c(a) be the second derivative of a**2 + m + 1/3*a**3 + a. Give c(-2).
-2
Let m(a) = 4*a**3 + 19*a**2 + 12*a - 11. Let j(u) = -u**3 - 6*u**2 - 4*u + 4. Let z(k) = 7*j(k) + 2*m(k). Determine z(5).
11
Let k(q) = q**3 + 4*q**2 - 4*q + 1. Suppose j + 0 = -5. What is k(j)?
-4
Let q(f) = f - 6. Let a be (-7 - -6)/((3/(-7))/3). Give q(a).
1
Let t(r) be the third derivative of r**4/24 + 2*r**3/3 - 54*r**2 - r. Let z be -2*5/2 - 0. What is t(z)?
-1
Let b(l) = -l + 21 - 9 - 6 - 10. What is b(-5)?
1
Let b(o) = -2*o + 1. Let v be (-168)/44 + (-4)/22. What is b(v)?
9
Let v be ((-1)/(-3))/(3/(-54)). Let w(m) = -5*m**2 - 2*m + 7. Let c(u) = -u**2 + u + 1. Let q(p) = -4*c(p) + w(p). Determine q(v).
3
Let k be (4 + -4)/(2 + -3). Let o(w) = w**3 + w**2 + w - 11. Determine o(k).
-11
Let p(g) = -g**3 + 5*g**2 - 5*g - 3. Let c(x) = -x**2 + 10*x - 8. Let a be c(6). Suppose 2 + 4 = 2*r. Let v be a/6*r/2. Give p(v).
-7
Let v(y) = 1260 - 12*y**2 + y - 1260. Calculate v(1).
-11
Let p be 28/8 - (-3)/6. Let s be (10 + -8)/((-2)/p). Let o(x) = -3*x**2 + 2*x. Let d(k) = k**3 + k**2 + k - 1. Let w(j) = -d(j) + o(j). Determine w(s).
-3
Let s = 6 + -10. Let p(b) = 10 - 4 + 6*b + 0*b + b**2. Give p(s).
-2
Let n(c) be the first derivative of -c**3/3 + 3*c**2 - 5*c + 1. Suppose 4*q + 10 = 2, 3*d - 10 = -4*q. Determine n(d).
-5
Let d = 7 - 10. Let q(i) be the second derivative of i**4/12 + i**3/6 + 3*i**2/2 + 10*i. Calculate q(d).
9
Suppose -2*h - 2*h + 16 = 0. Suppose -29 = 5*n - h. Let m(j) = j**3 + 6*j**2 + 8*j + 5. Give m(n).
-10
Let n(t) = 2*t - 9 + 2 - 1 + 4. Calculate n(3).
2
Let r(v) = v**2 - 17. Suppose 12*d = 3*d. Give r(d).
-17
Let o(j) = -j**3 - j**2 + 2*j + 1. Let u be o(-1). Let g = u + 5. Let h(w) = -4 - 4*w + 5*w + 3*w. Calculate h(g).
12
Let x = -5 + 10. Let s(n) = -n**2 + 4*n + 1. Calculate s(x).
-4
Let v(a) = -5*a**2 + a + 1. Let h be v(-1). Let w(z) = -2*z - 7. Give w(h).
3
Let l(o) = 6*o + 1. Let v be 3*2/6*-1. Determine l(v).
-5
Let b(s) = -3*s**2 - 4 + 5*s**2 + 3*s - s**2. Suppose -3*v - 2*v = -2*l + 35, -5*l = 5*v. Determine b(v).
6
Let y(o) = -o - 10. Suppose 2*j + 18 = -4*n, -2*j + 6 + 18 = -2*n. Determine y(n).
-3
Suppose 0 = 5*n - 9 + 19. Let p(b) = b**2 - 2. Give p(n).
2
Let r(x) = x**3 - x**2 - 1. Let g(c) = -2*c**3 + 6*c**2 + c + 5. Let j(s) = s - 13. Let v be j(14). Let i(h) = v*g(h) + r(h). Determine i(5).
9
Let x(c) be the second derivative of -c**3/6 - c**2 + 6*c. Calculate x(8).
-10
Let h(a) = 7*a**3 + 2*a**2 + 2*a. Let w be h(-1). Let n(f) = f**2 + 5*f - 9. What is n(w)?
5
Let i(t) = -3*t - 9. Let o(z) = -5*z - 19. Let s(w) = -7*i(w) + 4*o(w). Give s(9).
-4
Let c = 1 - 2. Let d = -2 + c. Let p(w) = w**2 + w + 1. Let u(z) = 2*z**2 + 2*z + 3. Let m(t) = -9*p(t) + 4*u(t). Give m(d).
-3
Let r(y) = -2*y - 7. Let d = 30 + -37. Give r(d).
7
Let u(z) = z + 1. Let g(b) = 17*b. Let s(c) = -g(c) + u(c). Give s(-1).
17
Let c(x) be the second derivative of x**3/6 - 2*x**2 - 16*x. Give c(0).
-4
Let g(c) = -4*c**3 - 9*c**2 + 2*c + 1. Let s(v) = -3*v**3 - 8*v**2 + 2*v + 1. Let y(q) = -4*g(q) + 5*s(q). Determine y(3).
-2
Let q(z) be the second derivative of -z**3/3 + 5*z**2 - 26*z. What is q(8)?
-6
Suppose 2*q = 5*b - 13, b + 3*b = 2*q + 10. Suppose -3 = 2*h - 3*d, -5*d - q = 3*h - 6. Let g(c) = h*c - c**2 + 5*c - 6 + 0*c. What is g(5)?
-6
Let r(l) = -l**2 + 8*l - 8. Let k = 15 + -13. Suppose -4*b - b + 3*t + 24 = 0, 2*t = b - k. What is r(b)?
4
Let i be (-4 - -1)*(-22)/33. Suppose i*d = -3*u + d + 16, 0 = -3*u - 5*d + 32. Let j(x) = x**2 - 6*x + 1. What is j(u)?
-7
Let k(l) = l - 3. Suppose -8*y = -3*y - 15. Give k(y).
0
Let s = 118 - 114. Let d(n) be the second derivat